ulate -17 + (18 - -1) + 6.
8
What is the value of 14 + (1 + 4 - (-10 - -17))?
12
Calculate 8 + -6 + 4 + -22 + -1.
-17
41 + -2 + 1 + (9 - -26 - 45)
30
Calculate 1 + -1 + (-6 - -1) + 0 + -4.
-9
What is (-21 - -39) + 1 + -14?
5
What is -3 + -2 + 5 + -16 + 20 + -34?
-30
Calculate -22 + 26 + -11 + (1 - (2 - -4)).
-12
Calculate 7 - (11 - 10 - (-3 + -19)).
-16
Calculate -1 + -2 + -18 - (16 + -30 + 13).
-20
Calculate (-2 + -7 - (7 + -22 + 11)) + -1.
-6
3 - (-116 + 115 - (-12 + 1))
-7
What is -6 + (1 - -52 - (1 + (-46 - -55)))?
37
Evaluate -19 - 59 - -60 - (1 - -8).
-27
(3 - (14 - 1)) + -289 + 335
36
Calculate -2 - (-12 + (-3 - -10) - -5).
-2
Calculate (2 - -22) + -4 + -1.
19
What is the value of 2 + -1 - (-1754 + 1787)?
-32
Calculate (1 - 26) + 290 + -286 + -1 + -5.
-27
What is the value of (10 - ((-5 - -9) + 0)) + 4?
10
8 - (0 - (-14 - 5))
-11
What is 8 + -12 + (0 - -6) - -1?
3
Evaluate 8 + 6 - 15 - 0.
-1
(1 - (-5 + 0)) + (-24 - (-29 + 14))
-3
-6 - (-6 - 2 - (-3 - 0)) - -8
7
17 + 1 + 36 + -41
13
Calculate 2 + -15 + 9 + (8 - 7).
-3
0 + -19 + 3 + (3 - (5 - 2))
-16
What is -1 + 8 + 802 + -795?
14
Calculate 31 + (30 - 17) + (-7 + 4 - 6).
35
Calculate 8 + -22 + -1 + -2.
-17
What is the value of 0 - (-7 + (-1 - -12) - -18 - 7)?
-15
Calculate 22 + (1 - (-83 + 87 - (-1 - -1))).
19
Calculate 28 + (-86 + 20 - -25) + (-1 - 6).
-20
What is 11 - (44 + 6 + -31)?
-8
What is the value of 32 + -2 + -22 - (20 - (-2 - -3))?
-11
0 - ((12 - 3) + -6 + -18 + 23)
-8
What is the value of 11 + -2 + 26 + -20?
15
Calculate -7 - (-33 - (-11 + (-6 - -14))).
23
19 + -8 + -19 + (-3 - 2)
-13
What is -13 - (-4 - (-4 + (-2 - -8)))?
-7
Calculate -719 - -704 - (5 - (3 - 2)).
-19
What is (-5 - -14) + (0 - 18) - -11 - -35?
37
Evaluate -186 + 180 + (-3 - -1).
-8
Evaluate 14 - (-9 - -18) - -13.
18
Calculate -32 - (-10 - 1) - -11.
-10
Calculate 6 + -1 + (7 + -13 - -6).
5
(-20 - -34) + (-5 + -12 - 4)
-7
14 + (-2 - 8) - (-5 - -8)
1
What is 27 + 36 + -36 + -54?
-27
(-3 - -12) + 3 + 3 - -7
22
What is 6 + -39 + 13 + 19?
-1
What is -1 - (-5 + 7 - -1 - -1)?
-5
Evaluate 14 - ((2 - 7) + -9 + 0 + 19).
9
Calculate 1 - -36 - (-293 + 314).
16
What is -8 + -13 - -20 - 19?
-20
What is the value of -1 - 1 - (-7 - (-7 - -26 - 21))?
3
-447 + 436 + (-9 - (-4 - 0))
-16
What is the value of -16 - -42 - 17 - (-2 + 0)?
11
What is the value of (6 - (-2 - (-4 + 2))) + -1296 + 1309?
19
What is the value of -9 - (13 - (-11 - -31))?
-2
Evaluate (13 + -17 - (-4 + -12)) + -32.
-20
What is the value of 0 - -2 - 1 - (-392 - -384)?
9
Calculate (33 + -19 + 8 - (0 - -8)) + 4.
18
-23 - ((-72 - -16) + 30)
3
What is the value of 86 + -64 - (2 - -3 - -1)?
16
(5 + 1 - 2) + -6
-2
What is -6 + (5 - 6) + 1 - -8?
2
Evaluate -15 + (4 - -10) + -2 + 7.
4
2 + (-25 - -23) + -3 + 3 + 4
4
Evaluate -11 + 5 + 6 + (-6 - -7) + -2.
-1
Calculate (-2 - 4) + 13 + (3 - 22).
-12
(27 - (5 + 17)) + -11
-6
27 + 10 + (-15 + 7 - (7 - -4))
18
-21 - (-31 + 27 + -1)
-16
Evaluate -15 - (-1 + -3) - (-31 + 32).
-12
Calculate 3 - (10 + -1 + -1) - -10 - 0.
5
What is -12 - (-2 - (-2 + 34)) - 6?
16
What is 8 - (-51 + 53 + (-5 - 0))?
11
What is the value of -2 - (1 + 6 + (1 - 5 - 1))?
-4
What is -7 + (28 + -6 - (7 - 3))?
11
5 + -6 + 7 - (8 - 2)
0
Evaluate (59 - 59) + (1 - -15).
16
-22 + (-13 - (12 - 26))
-21
What is the value of (-8 - (14 - (-10 + 3))) + 12?
-17
Evaluate 39 + (-19 - 9) + -28.
-17
Evaluate 4 + 1 - (-8 - -11).
2
Calculate -81 + 85 + 6 + -2.
8
What is (69 + -67 - (-1 - -6)) + 2?
-1
Calculate (-1 - 0 - -5) + 8 - 8.
4
What is 11 - (-10 - (27 + -51))?
-3
Evaluate 0 + 4 - -1 - (143 - (29 + 121)).
12
-50 - -54 - (3 - (2 + -7 - -3))
-1
Calculate 13 - (9 - 2) - (18 + 5).
-17
Evaluate (-2 - 2) + (13 - (1 + 5)) - 3.
0
What is 10 + -20 + -3 + -4 + 0?
-17
What is -8 + -3 - (-36 - (13 - 16))?
22
7 - (5 + (-3 - -4) + 7 + -6)
0
What is the value of 0 - 4 - (9 - 3) - -8?
-2
What is -3 - (-15 + (-9 + 3 + 9 - 0))?
9
Calculate 21 + -34 + -5 - -22.
4
Evaluate (3 - (0 - -33)) + (8 + 2 - 8).
-28
-9 - ((-34 - -36) + -23 + 1)
11
Calculate -48 - (-3 - -22 - 42) - (0 - 9).
-16
(8 - 9) + (5 - (5 + -12 - -5))
6
What is (-1 - 1) + (6 - -9 - 18)?
-5
Evaluate 6 - (-5 + 6 - 0 - (11 - 10)).
6
Evaluate -5 - (19 + -20 + (-1 - (-2 - -3))).
-2
Evaluate -2 + 3 + -10 - 9 - (-2 + -5).
-11
Evaluate 9 - 15 - (-1 + -1 - 8) - -6.
10
Calculate (-22 - -39) + -29 + -8.
-20
Calculate 83 + 31 + -128 - (0 - 17).
3
What is the value of -30 + 68 - (15 + 4)?
19
(-1 - ((7 - 5) + 3)) + 27 - 6
15
What is (4 - -1) + -26 - 7 - (-22 - -22)?
-28
6 - (-11 + (13 - -20) - 4)
-12
Evaluate -2 - (2 + -11) - (-49 - -44).
12
What is -25 + -5 + -4 + 12 + -9?
-31
Evaluate (11 - 0) + -20 - (1 - 1).
-9
Calculate (-7 - -14 - 17) + 1.
-9
What is the value of 6 + 1 + -9 + (37 - 25)?
10
What is the value of (33 - 15) + -2 + -6 + -14?
-4
What is the value of -12 + 8 + 13 + -8?
1
Calculate 23 - 0 - (588 + -537).
-28
Calculate 13 + -2 - (20 + 7 + -7).
-9
Evaluate (5 - -4) + 10 + -6 + 13.
26
Calculate 5 - -4 - 16 - (5 + 4).
-16
Calculate 5 + (5 - 7) + -5 - (-2 - -8).
-8
What is the value of 0 + -7 + 0 + 16 + (-1 - 10)?
-2
12 + -1 + 14 + (7 - 13) - 1
18
Evaluate (-1 + 13 - (-161 + 159)) + 4.
18
Calculate -14 - (7 - (-3 + 17)).
-7
Evaluate 13 + 3 + -6 + -4.
6
(8 + 0 - 0) + 1 + (-61 - -60)
8
Calculate (-9 - (-17 - -21)) + 9 + 0 + -2.
-6
Evaluate -8 + (16 - (-7 + 15) - -11).
11
What is the value of (4 - -1) + 29 + (-91 - -29)?
-28
What is the value of 23 + (-1 - (-8 - -14) - 1)?
15
-1 - (-2 + -5 + (6 + -10 - -8))
2
Calculate -9 - ((-2 - 1) + 11 + -17).
0
11 + -1 + -3 - -26
33
Evaluate (-1 + -1 - (-78 + 87) - -1) + 16.
6
(-3 + 6 - 1 - 10) + (8 - 11)
-11
What is -6 - 1 - (-4 - (-4 - -1))?
-6
What is 16 + 8 + -12 + -7?
5
What is 8 + (-12 - -10 - 27) + 12?
-9
Evaluate (-39 - -22 - -26) + -37.
-28
-13 - (-3 - 2) - (-27 - -17)
2
Evaluate -21 - (707 + -705 + -2 + (-1 - -2)).
-22
15 - (-9 + 22 - (-1 + 13))
14
Calculate (1 - (-2 + -6 + 6)) + (-34 - -22).
-9
-17 - ((12 - (6 - -2)) + -46)
25
What is the value of -7 + 7 + -11 + 41?
30
What is (-17 - 2) + (2 + -15 - -22) + 7?
-3
What is the value of -1 + -8 - (-119 - -113)?
-3
-8 + (0 - -5) + -9 - (-7 - -4)
-9
-4 + -31 + 17 + 30 - -1
13
What is the value of 4 + (10 - 4 - (-6 - -23))?
-7
Calculate (-11 - (2 + -10)) + (-4 - -1).
-6
Calculate 0 + 27 + (477 - 482).
22
What is the value of 6 + -4 - (11 - 5) - (-4 + 3)?
-3
What is the value of 1 - -1 - (614 - 620)?
8
Evaluate 0 + -3 - (-14 + 14) - -12.
9
Calculate 2 - -6 - 0 - (65 - 60).
3
Calculate (18 - (-5 - 2 - -16)) + -16.
-7
What is (-80 - -82) + -23 + -13?
-34
What is -2 - (3 - (-1 + 1)) - (7 + -25)?
13
What is the value of 17 + -7 + 2 + 2 + -11?
3
-13 + (2 - 10) - -13
-8
What is -4 - (0 + 5 + -11) - -6?
8
What is the value of 14 + (-12 - 0) - 14?
-12
What is 25 + 2 - (-409 - -428)?
8
Evaluate -3 + (5 - -17 - 20 - (7 - 1)).
-7
Evaluate 3 - 7 - -5 - (16 - 10 - 7).
2
Calculate 143 + -136 + (0 - 2).
5
What is 6 + -19 + -18 + (11 - 10)?
-30
Evaluate 0 - (43 + -5) - (-39 - -24).
-23
Evaluate -41 + (33 - (-15 - -18)).
-11
Evaluate (-30 - -23) + 1 - (0 + -11).
5
Calculate 36 - (-49 + 32 + 44).
9
Evaluate -19 + 29 + -2 + -5.
3
12 + -1 + (-17 - -21)
15
(2 - 2 - -27) + 710 + -721
16
Calculate (0 - -14) + (-10 - 16) - -10.
-2
What is the value of 19 - (2 + 2 + 0 + 3)?
12
15 + -11 + (14 - (-1 - -9))
10
Evaluate 29 + (-26 - 43) - (-4 + -1 + -1).
-34
Calculate 9 + (-2 + -1 - ((69 - 31) + -7)).
-25
16 + (62 - 75 - (-15 + 1))
17
Evaluate 2 - ((9 + -6 - 6) + 11).
-6
What is (-63 - -56 - (3 - -23)) + 9?
-24
(12 - (4 + 1)) + (57 - 64)
0
-11 + 14 + 11 + -11 - (0 - 21)
24
(110 + -165 - (2 - 16)) + 15
-26
What is -8 - (-33 + 35 - -4)?
-14
What is -3 + -22 - (-19 - -61 - 43)?
-24
(81 - (-54 - -152)) + -1 + 26
8
10 - ((-26 - -6 - -12) + (-3 - -17))
4
Evaluate 2 - 1 - (-49 + 75 + -29).
4
Calculate -9 - (2 + -10 - 0) - (0 + -1).
0
Evaluate -9 + (-11 - -14 - -8) + 6.
8
What is the value of 26 + -4 - (-47 + 60)?
9
What is 117 + -102 - (11 - -1)?
3
What is the value of (-10 - -29 - (-1 - (-5 + -4))) + -25?
-14
Evaluate 37 - (-20 + -3 + 31).
29
What is 3 + 2 + (3 - 6) + -3?
-1
4 - (-15 + 29 + -16)
6
Evaluate -7 + -16 + 50 - 18.
9
Evaluate 0 + 5 + -108 + 105 + -5 - -4.
1
Calculate -3 - ((1 - -3) + -41 + 34) - -2.
2
What is (-182 - -188) + (1 - (-1 + 9))?
-1
Calculate -4 -